{"id":990,"date":"2011-04-21T13:41:17","date_gmt":"2011-04-21T11:41:17","guid":{"rendered":"http:\/\/www.conservationinethiopia.org\/?page_id=990"},"modified":"2011-08-20T23:27:00","modified_gmt":"2011-08-20T21:27:00","slug":"dsm-vart-och-etiopiernas-ekonomiska-dilemma","status":"publish","type":"page","link":"https:\/\/se.conservationinethiopia.org\/?page_id=990","title":{"rendered":"V\u00e5rt och etiopiernas ekonomiska dilemma"},"content":{"rendered":"<p><span style=\"color: #008000;\">DET SKA REDAN INLEDNINGSVIS S\u00c4GAS<\/span> att projektet \u00e4nnu saknar finansiering och att personer aktiva inom n\u00e4mnda s\u00e4llskap, s\u00e5v\u00e4l som v\u00e4nner till detsamma och till det etiopiska folket, nu med stor energi s\u00f6ker v\u00e4gar att finna s\u00e5dan. N\u00e5gra av v\u00e4rldens rikaste svenskar, som i privat f\u00f6rm\u00f6genhet g\u00e5r i god f\u00f6r hundratals miljarder, borde utan sv\u00e5righet kunna bidra. Den t\u00e4mligen budgetsn\u00e5la f\u00f6rsta fasen av denna r\u00e4ddningsinsats ber\u00e4knad att kosta ca 2 miljoner SEK har genom brev fr\u00e5n v\u00e5rt s\u00e4llskap presenterats f\u00f6r ett par av dessa, men man har tyv\u00e4rr gett oss kalla handen. Det rimliga vore dock att ett bist\u00e5ndsprojekt av detta slag finansierades med statliga medel. D\u00e4rf\u00f6r s\u00f6ker vi sedan en tid kontakt med Sida och hoppas att h\u00e4r s\u00e5 sm\u00e5ningom f\u00e5 geh\u00f6r.<\/p>\n<figure style=\"width: 400px\" class=\"wp-caption alignnone\"><img loading=\"lazy\" decoding=\"async\" title=\"DSM: Pr\u00e4ster utanf\u00f6r kyrkan\" src=\"http:\/\/www.imagonova.com\/MinaFiler\/91%20pr%C3%A4ster%20400%20utanf%C3%B6r%20dsm%20.jpg\" alt=\"\" width=\"400\" height=\"538\" \/><figcaption class=\"wp-caption-text\">N\u00e5gra av de ansvariga vid porten till den medeltida kyrkan Debre Selam Mika\u2019el. De, liksom vi som f\u00f6rberett detta projekt, st\u00e5r inf\u00f6r ett ekonomiskt dilemma \u2013 utan finansiering kommer detta ov\u00e4rderliga kultur- och v\u00e4rldsarv att g\u00e5 f\u00f6rlorat.<\/figcaption><\/figure>\n<p>Jag vill i detta sammanhang g\u00e4rna citera Torsten K\u00e4lvemark, ordf\u00f6rande i styrelsen f\u00f6r svenska Ateninstitutet och en av v\u00e5rt projekts f\u00f6respr\u00e5kare. Han fick f\u00f6r n\u00e5gra \u00e5r sedan i uppdrag att p\u00e5 plats i det forna Jugoslavien utv\u00e4rdera en rad konserveringsprojekt som genomf\u00f6rts d\u00e4r i regi f\u00f6r organisationen \u201dKulturarv utan gr\u00e4nser\u201d efter de f\u00f6r\u00f6dande skador p\u00e5 viktiga byggnadsmonument som hade skett under kriget p\u00e5 Balkan:<\/p>\n<p style=\"text-align: justify;\"><em>The medieval sacred art of Ethiopia is a very important part of African art and of the world cultural heritage. It is indeed a pity that many of these treasures today are falling into decay.<\/em><\/p>\n<p style=\"text-align: justify;\"><em>Increasingly, the role of culture and cultural heritage in the context of economic development and renewal of the civil society has been recognized worldwide. In a policy paper from November 2006, the Swedish International Development Cooperation Agency (Sida) underlined this fact by stating that cultural projects are important development cooperation goals by virtue of their role \u201cto contribute to an environment supportive of poor people\u2019s own efforts to improve their quality of life.\u201d<\/em><\/p>\n<figure style=\"width: 300px\" class=\"wp-caption alignnone\"><img loading=\"lazy\" decoding=\"async\" title=\"Pr\u00e4st, portr\u00e4tt, Debre Tsion Abraham\" src=\"http:\/\/www.imagonova.com\/MinaFiler\/7.%20skador,%20debre%20tzion%20a,%20och%20abba.%20foto%20lars%20gerdmar.jpg\" alt=\"\" width=\"300\" height=\"415\" \/><figcaption class=\"wp-caption-text\">En av de ansvariga pr\u00e4sterna i den sv\u00e5rt drabbade kyrkan Debre Tzion Abraham, Geralta, Tigrai, klippkyrka uthuggen ur berget, daterad till 1300-talet. I handen har han nedfallen puts fr\u00e5n takm\u00e5lningarna som i denna kyrka i snabb takt nu ruineras.<\/figcaption><\/figure>\n<p>Vid sidan av denna policydeklaration fr\u00e5n Sida hoppas vi att man h\u00e4r \u00e4ven ska beakta de f\u00f6r Etiopien viktiga spin-off-effekterna av planerade projekt: den \u00f6kade syssels\u00e4ttning en ny profession (av konservatorer och till dem knutna assistenter) \u00f6ppnar f\u00f6r i landet, den \u00f6kande turism med \u00f6kande inkomster till landet som f\u00f6ljer av denna upprustning av kulturarvet, den exponering och publicitet projektet och den etiopiska konsten f\u00e5r genom planerade publikationer, s\u00e5v\u00e4l som genom planerad dokument\u00e4rfilm i produktion av ARTE (Association Relative \u00e0 la T\u00e9l\u00e9vision Europ\u00e9enne). Till den sammantagna v\u00e4rderingen av betydelsen av detta projekt b\u00f6r \u00e4ven v\u00e4gas in den demokratiska skolning det praktiska genomf\u00f6randet i samspelet mellan det svenska s\u00e4llskapet och samarbetspartners p\u00e5 regional och lokal niv\u00e5 samt med praktikanter i Etiopien b\u00f6r f\u00e5.<\/p>\n<p style=\"text-align: justify;\">En gemensam ans\u00f6kan fr\u00e5n SCECH och Agency for Culture and Tourism in the National Regional State of Tigrai har utarbetats. L\u00e4s mer: <a title=\"ACT: Ato Kebede Amare\" href=\"http:\/\/www.conservationinethiopia.org\/?page_id=462\"><span style=\"color: #008000;\">ACT, General Manager, Ato Kebede Amare, Mekele, Tigrai<\/span><\/a><\/p>\n<p style=\"text-align: justify;\">N\u00e4rmare information om n\u00e4mnda s\u00e4llskap, dess charter, medlemmar, samarbetspartners och verksamheter: konservering, utbildning, forskning och dokument\u00e4r g\u00e5r att ta del av i korta artiklar publicerade p\u00e5 denna Internetplats (se meny).<\/p>\n<p style=\"text-align: justify;\">Etiopiens \u00e4ldre sakrala m\u00e5leri p\u00e5 mur, duk och pergament utg\u00f6r en vital och storartad del av den afrikanska konsten. Denna konst och bildkultur utg\u00f6r en storartad och omistlig del av det etiopiska folkets historia och flera av de \u00e4ldre etiopiska byggnadsmonumenten tillh\u00f6r v\u00e4rldsarvet. Det sorgliga, som redan inledningsvis har n\u00e4mnts, \u00e4r att detta enast\u00e5ende kulturarv \u2013 en omistlig del av Etiopiens och den afrikanska kontinentens historia \u2013 \u00e4r drabbat av accelererande f\u00f6rfall. Om inget inom kort g\u00f6rs och medel f\u00f6r att r\u00e4dda detta uteblir kommer v\u00e4sentliga delar av detta kulturarv inom n\u00e5gra f\u00e5 decennier att g\u00e5 till spillo.<\/p>\n<p style=\"text-align: justify; padding-left: 30px;\"><em>The Ethiopian churches from the 6th to the 19th century accommodate works of art, which are unique and priceless, a religious and cultural heritage, which, if nothing is done, will be ruined. Magnificent paintings on walls and in ceilings, executed in al secco on plaster and in tempera on canvas glued to wall, are often in bad shape and in acute need of restoration. In Ethiopia, the professional knowledge and financial means needed to take charge of this are largely missing. <\/em>(Quot. fr. &#8221;Report on Ocular and Technical Examination of Building and Paintings. The Church of Debre Selam Mikael, Tigrai, Ethiopia, November 2009&#8221;.)<\/p>\n<p style=\"text-align: justify;\">N\u00e4r nu detta kulturarv hotas st\u00e5r ocks\u00e5 en viktig del av det som fysiskt gestaltar den etiopiska folksj\u00e4len p\u00e5 spel.<\/p>\n<p style=\"text-align: justify;\">I en artikel i tidskriften Signum (nr. 2\/2011), ben\u00e4mnd \u201dDebre Selam Mikael \u2013 ett kulturellt bist\u00e5ndsprojekt\u201d ber\u00e4ttar jag om den h\u00f6gst originella och entusiasmerande bildv\u00e4rld det \u00e4ldre sakrala etiopiska m\u00e5leriet gestaltar, om hur projektet inleddes 2005, om hur det sedan f\u00f6rberetts genom flera expeditioner av svenska yrkesteam, specialiserade p\u00e5 kulturv\u00e5rd. H\u00e4r ber\u00e4ttas ocks\u00e5 om hur detta i Etiopien har etablerats p\u00e5 nationell s\u00e5v\u00e4l som p\u00e5 regional och lokal niv\u00e5 inom det kulturella, religi\u00f6sa och akademiska livet i de st\u00f6rre st\u00e4derna och ute p\u00e5 den etiopiska landsbygden.<\/p>\n<p style=\"text-align: justify;\">Kyrkan Debre Selam Mika&#8217;el har valts ut att bli det kulturarv detta projekt ska inledas med och vi s\u00e5v\u00e4l som v\u00e5ra v\u00e4nner i Etiopien hoppas att detta nu inom kort ska kunna ta sin b\u00f6rjan. Debre Selam Mika&#8217;el \u00e4r en enast\u00e5ende vacker och unik kyrka \u2013 en liten katedral \u2013 daterad till mellan 700- och 1000-talet och till st\u00f6rre delen uthuggen ur berget. Den \u00e4r bel\u00e4gen i Tigrai, den nordligaste regionen i Etiopien, i Atsbiplat\u00e5ns berglandskap, 2 600 meter \u00f6ver havet: <a title=\"Maps\" href=\"http:\/\/www.conservationinethiopia.org\/?page_id=341\"><span style=\"color: #008000;\">Kartor \u00f6ver Etiopien och Tigrai<\/span><\/a><\/p>\n<figure style=\"width: 450px\" class=\"wp-caption alignnone\"><span style=\"color: #00ff00;\"><img loading=\"lazy\" decoding=\"async\" title=\"Debre Selam Mika'el\" src=\"http:\/\/www.imagonova.com\/MinaFiler\/2.%20debre%20selam%20mikael.%20atsbipla%C3%A5n,%20tigrai,%20etiopien.%20foto%20lars%20gerdmar.jpg\" alt=\"\" width=\"450\" height=\"366\" \/><\/span><figcaption class=\"wp-caption-text\">Klippkyrkan Debre Selam Mika&#39;el, Tigrai, Etiopien.<\/figcaption><\/figure>\n<p style=\"text-align: justify;\">En omfattande f\u00f6runders\u00f6kning utf\u00f6rdes av kyrkans och m\u00e5lningarnas skick den 8-15 november 2009 av undertecknad tillsammans med Carmen Deas, m\u00e5lerikonservator, specialiserad p\u00e5 latinskt och bysantinskt muralm\u00e5leri och Karl-Gunnar Olsson, byggnadsingenj\u00f6r och l\u00e4rare vid Chalmers tekniska h\u00f6gskola.<\/p>\n<p style=\"text-align: justify;\">En lycklig omst\u00e4ndighet och n\u00e5got av en sensation under denna unders\u00f6kning var d\u00e5 vi vid andra reng\u00f6ringsprovet i norra sidoskeppets v\u00e4stra lunett kunde fril\u00e4gga en \u00e4ngel, tidigare dold under ett tjockt lager av smuts, som bildats av damm och sotig r\u00f6k fr\u00e5n vaxljus och r\u00f6kelse under n\u00e4rmare ett millennium. Denna h\u00e4ndelse gladde b\u00e5de v\u00e5ra v\u00e4nner knutna till denna kyrka och den kulturella myndigheten i regionen, och f\u00f6rst\u00e5s var det ocks\u00e5 f\u00f6r oss sj\u00e4lva en dag som vi aldrig kommer att gl\u00f6mma.<\/p>\n<p style=\"text-align: justify;\">____________________________________________________________________________________<\/p>\n<h5>Forts\u00e4ttning: <a title=\"Debre Selam Mika\u2019el \u2013 ett pionj\u00e4rarbete tar form\" href=\"https:\/\/se.conservationinethiopia.org\/?page_id=1333\"><span style=\"color: #008000;\">Debre Selam Mika&#8217;el &#8211; ett pionj\u00e4rarbete tar form<\/span><\/a><\/h5>\n<p style=\"text-align: justify;\">&nbsp;<\/p>\n<p style=\"text-align: justify;\">&nbsp;<\/p>\n<p style=\"text-align: justify;\">Copyright\u00a0\u00a9 Text och bild SCECH, f\u00f6rfattaren och fotograferna 2011<\/p>\n<p style=\"text-align: justify;\">&nbsp;<\/p>\n<p style=\"text-align: justify;\">&nbsp;<\/p>\n<p style=\"text-align: justify;\">&nbsp;<\/p>\n","protected":false},"excerpt":{"rendered":"<p>DET SKA REDAN INLEDNINGSVIS S\u00c4GAS att projektet \u00e4nnu saknar finansiering och att personer aktiva inom n\u00e4mnda s\u00e4llskap, s\u00e5v\u00e4l som v\u00e4nner till detsamma och till det etiopiska folket, nu med stor energi s\u00f6ker v\u00e4gar att finna s\u00e5dan. N\u00e5gra av v\u00e4rldens rikaste svenskar, som i privat f\u00f6rm\u00f6genhet g\u00e5r i god f\u00f6r hundratals miljarder, borde utan sv\u00e5righet kunna [&hellip;]<\/p>\n","protected":false},"author":2,"featured_media":0,"parent":0,"menu_order":0,"comment_status":"open","ping_status":"open","template":"","meta":{"footnotes":""},"class_list":["post-990","page","type-page","status-publish","hentry"],"_links":{"self":[{"href":"https:\/\/se.conservationinethiopia.org\/index.php?rest_route=\/wp\/v2\/pages\/990","targetHints":{"allow":["GET"]}}],"collection":[{"href":"https:\/\/se.conservationinethiopia.org\/index.php?rest_route=\/wp\/v2\/pages"}],"about":[{"href":"https:\/\/se.conservationinethiopia.org\/index.php?rest_route=\/wp\/v2\/types\/page"}],"author":[{"embeddable":true,"href":"https:\/\/se.conservationinethiopia.org\/index.php?rest_route=\/wp\/v2\/users\/2"}],"replies":[{"embeddable":true,"href":"https:\/\/se.conservationinethiopia.org\/index.php?rest_route=%2Fwp%2Fv2%2Fcomments&post=990"}],"version-history":[{"count":39,"href":"https:\/\/se.conservationinethiopia.org\/index.php?rest_route=\/wp\/v2\/pages\/990\/revisions"}],"predecessor-version":[{"id":1961,"href":"https:\/\/se.conservationinethiopia.org\/index.php?rest_route=\/wp\/v2\/pages\/990\/revisions\/1961"}],"wp:attachment":[{"href":"https:\/\/se.conservationinethiopia.org\/index.php?rest_route=%2Fwp%2Fv2%2Fmedia&parent=990"}],"curies":[{"name":"wp","href":"https:\/\/api.w.org\/{rel}","templated":true}]}}

Vårt och etiopiernas ekonomiska dilemma

<p><span style="color: #008000;">DET SKA REDAN INLEDNINGSVIS SÄGAS</span> att projektet ännu saknar finansiering och att personer aktiva inom nämnda sällskap, såväl som vänner till detsamma och till det etiopiska folket, nu med stor energi söker vägar att finna sådan. Några av världens rikaste svenskar, som i privat förmögenhet går i god för hundratals miljarder, borde utan svårighet kunna bidra. Den tämligen budgetsnåla första fasen av denna räddningsinsats beräknad att kosta ca 2 miljoner SEK har genom brev från vårt sällskap presenterats för ett par av dessa, men man har tyvärr gett oss kalla handen. Det rimliga vore dock att ett biståndsprojekt av detta slag finansierades med statliga medel. Därför söker vi sedan en tid kontakt med Sida och hoppas att här så småningom få gehör.</p>
<figure style="width: 400px" class="wp-caption alignnone"><img loading="lazy" decoding="async" title="DSM: Präster utanför kyrkan" src="http://www.imagonova.com/MinaFiler/91%20pr%C3%A4ster%20400%20utanf%C3%B6r%20dsm%20.jpg" alt="" width="400" height="538" /><figcaption class="wp-caption-text">Några av de ansvariga vid porten till den medeltida kyrkan Debre Selam Mika’el. De, liksom vi som förberett detta projekt, står inför ett ekonomiskt dilemma – utan finansiering kommer detta ovärderliga kultur- och världsarv att gå förlorat.</figcaption></figure>
<p>Jag vill i detta sammanhang gärna citera Torsten Kälvemark, ordförande i styrelsen för svenska Ateninstitutet och en av vårt projekts förespråkare. Han fick för några år sedan i uppdrag att på plats i det forna Jugoslavien utvärdera en rad konserveringsprojekt som genomförts där i regi för organisationen ”Kulturarv utan gränser” efter de förödande skador på viktiga byggnadsmonument som hade skett under kriget på Balkan:</p>
<p style="text-align: justify;"><em>The medieval sacred art of Ethiopia is a very important part of African art and of the world cultural heritage. It is indeed a pity that many of these treasures today are falling into decay.</em></p>
<p style="text-align: justify;"><em>Increasingly, the role of culture and cultural heritage in the context of economic development and renewal of the civil society has been recognized worldwide. In a policy paper from November 2006, the Swedish International Development Cooperation Agency (Sida) underlined this fact by stating that cultural projects are important development cooperation goals by virtue of their role “to contribute to an environment supportive of poor people’s own efforts to improve their quality of life.”</em></p>
<figure style="width: 300px" class="wp-caption alignnone"><img loading="lazy" decoding="async" title="Präst, porträtt, Debre Tsion Abraham" src="http://www.imagonova.com/MinaFiler/7.%20skador,%20debre%20tzion%20a,%20och%20abba.%20foto%20lars%20gerdmar.jpg" alt="" width="300" height="415" /><figcaption class="wp-caption-text">En av de ansvariga prästerna i den svårt drabbade kyrkan Debre Tzion Abraham, Geralta, Tigrai, klippkyrka uthuggen ur berget, daterad till 1300-talet. I handen har han nedfallen puts från takmålningarna som i denna kyrka i snabb takt nu ruineras.</figcaption></figure>
<p>Vid sidan av denna policydeklaration från Sida hoppas vi att man här även ska beakta de för Etiopien viktiga spin-off-effekterna av planerade projekt: den ökade sysselsättning en ny profession (av konservatorer och till dem knutna assistenter) öppnar för i landet, den ökande turism med ökande inkomster till landet som följer av denna upprustning av kulturarvet, den exponering och publicitet projektet och den etiopiska konsten får genom planerade publikationer, såväl som genom planerad dokumentärfilm i produktion av ARTE (Association Relative à la Télévision Européenne). Till den sammantagna värderingen av betydelsen av detta projekt bör även vägas in den demokratiska skolning det praktiska genomförandet i samspelet mellan det svenska sällskapet och samarbetspartners på regional och lokal nivå samt med praktikanter i Etiopien bör få.</p>
<p style="text-align: justify;">En gemensam ansökan från SCECH och Agency for Culture and Tourism in the National Regional State of Tigrai har utarbetats. Läs mer: <a title="ACT: Ato Kebede Amare" href="http://www.conservationinethiopia.org/?page_id=462"><span style="color: #008000;">ACT, General Manager, Ato Kebede Amare, Mekele, Tigrai</span></a></p>
<p style="text-align: justify;">Närmare information om nämnda sällskap, dess charter, medlemmar, samarbetspartners och verksamheter: konservering, utbildning, forskning och dokumentär går att ta del av i korta artiklar publicerade på denna Internetplats (se meny).</p>
<p style="text-align: justify;">Etiopiens äldre sakrala måleri på mur, duk och pergament utgör en vital och storartad del av den afrikanska konsten. Denna konst och bildkultur utgör en storartad och omistlig del av det etiopiska folkets historia och flera av de äldre etiopiska byggnadsmonumenten tillhör världsarvet. Det sorgliga, som redan inledningsvis har nämnts, är att detta enastående kulturarv – en omistlig del av Etiopiens och den afrikanska kontinentens historia – är drabbat av accelererande förfall. Om inget inom kort görs och medel för att rädda detta uteblir kommer väsentliga delar av detta kulturarv inom några få decennier att gå till spillo.</p>
<p style="text-align: justify; padding-left: 30px;"><em>The Ethiopian churches from the 6th to the 19th century accommodate works of art, which are unique and priceless, a religious and cultural heritage, which, if nothing is done, will be ruined. Magnificent paintings on walls and in ceilings, executed in al secco on plaster and in tempera on canvas glued to wall, are often in bad shape and in acute need of restoration. In Ethiopia, the professional knowledge and financial means needed to take charge of this are largely missing. </em>(Quot. fr. &#8221;Report on Ocular and Technical Examination of Building and Paintings. The Church of Debre Selam Mikael, Tigrai, Ethiopia, November 2009&#8221;.)</p>
<p style="text-align: justify;">När nu detta kulturarv hotas står också en viktig del av det som fysiskt gestaltar den etiopiska folksjälen på spel.</p>
<p style="text-align: justify;">I en artikel i tidskriften Signum (nr. 2/2011), benämnd ”Debre Selam Mikael – ett kulturellt biståndsprojekt” berättar jag om den högst originella och entusiasmerande bildvärld det äldre sakrala etiopiska måleriet gestaltar, om hur projektet inleddes 2005, om hur det sedan förberetts genom flera expeditioner av svenska yrkesteam, specialiserade på kulturvård. Här berättas också om hur detta i Etiopien har etablerats på nationell såväl som på regional och lokal nivå inom det kulturella, religiösa och akademiska livet i de större städerna och ute på den etiopiska landsbygden.</p>
<p style="text-align: justify;">Kyrkan Debre Selam Mika&#8217;el har valts ut att bli det kulturarv detta projekt ska inledas med och vi såväl som våra vänner i Etiopien hoppas att detta nu inom kort ska kunna ta sin början. Debre Selam Mika&#8217;el är en enastående vacker och unik kyrka – en liten katedral – daterad till mellan 700- och 1000-talet och till större delen uthuggen ur berget. Den är belägen i Tigrai, den nordligaste regionen i Etiopien, i Atsbiplatåns berglandskap, 2 600 meter över havet: <a title="Maps" href="http://www.conservationinethiopia.org/?page_id=341"><span style="color: #008000;">Kartor över Etiopien och Tigrai</span></a></p>
<figure style="width: 450px" class="wp-caption alignnone"><span style="color: #00ff00;"><img loading="lazy" decoding="async" title="Debre Selam Mika'el" src="http://www.imagonova.com/MinaFiler/2.%20debre%20selam%20mikael.%20atsbipla%C3%A5n,%20tigrai,%20etiopien.%20foto%20lars%20gerdmar.jpg" alt="" width="450" height="366" /></span><figcaption class="wp-caption-text">Klippkyrkan Debre Selam Mika&#39;el, Tigrai, Etiopien.</figcaption></figure>
<p style="text-align: justify;">En omfattande förundersökning utfördes av kyrkans och målningarnas skick den 8-15 november 2009 av undertecknad tillsammans med Carmen Deas, målerikonservator, specialiserad på latinskt och bysantinskt muralmåleri och Karl-Gunnar Olsson, byggnadsingenjör och lärare vid Chalmers tekniska högskola.</p>
<p style="text-align: justify;">En lycklig omständighet och något av en sensation under denna undersökning var då vi vid andra rengöringsprovet i norra sidoskeppets västra lunett kunde frilägga en ängel, tidigare dold under ett tjockt lager av smuts, som bildats av damm och sotig rök från vaxljus och rökelse under närmare ett millennium. Denna händelse gladde både våra vänner knutna till denna kyrka och den kulturella myndigheten i regionen, och förstås var det också för oss själva en dag som vi aldrig kommer att glömma.</p>
<p style="text-align: justify;">____________________________________________________________________________________</p>
<h5>Fortsättning: <a title="Debre Selam Mika’el – ett pionjärarbete tar form" href="https://se.conservationinethiopia.org/?page_id=1333"><span style="color: #008000;">Debre Selam Mika&#8217;el &#8211; ett pionjärarbete tar form</span></a></h5>
<p style="text-align: justify;">&nbsp;</p>
<p style="text-align: justify;">&nbsp;</p>
<p style="text-align: justify;">Copyright © Text och bild SCECH, författaren och fotograferna 2011</p>
<p style="text-align: justify;">&nbsp;</p>
<p style="text-align: justify;">&nbsp;</p>
<p style="text-align: justify;">&nbsp;</p>

<p>DET SKA REDAN INLEDNINGSVIS SÄGAS att projektet ännu saknar finansiering och att personer aktiva inom nämnda sällskap, såväl som vänner till detsamma och till det etiopiska folket, nu med stor energi söker vägar att finna sådan. Några av världens rikaste svenskar, som i privat förmögenhet går i god för hundratals miljarder, borde utan svårighet kunna [&hellip;]</p>
